{"version":"1.0","provider_name":"Franken Blog","provider_url":"https:\/\/www.frankentourismus.de\/blog","author_name":"Barbara Keil","author_url":"https:\/\/www.frankentourismus.de\/blog\/author\/barbara-keil\/","title":"Rockmusik trifft Renaissance in den Ha\u00dfbergen - Franken Blog","type":"rich","width":600,"height":338,"html":"<blockquote class=\"wp-embedded-content\" data-secret=\"nYSfS8ajM3\"><a href=\"https:\/\/www.frankentourismus.de\/blog\/2021\/07\/23\/rockmusik-trifft-renaissance-in-den-hassbergen\/\">Rockmusik trifft Renaissance in den Ha\u00dfbergen<\/a><\/blockquote><iframe sandbox=\"allow-scripts\" security=\"restricted\" src=\"https:\/\/www.frankentourismus.de\/blog\/2021\/07\/23\/rockmusik-trifft-renaissance-in-den-hassbergen\/embed\/#?secret=nYSfS8ajM3\" width=\"600\" height=\"338\" title=\"&#8222;Rockmusik trifft Renaissance in den Ha\u00dfbergen&#8220; &#8212; Franken Blog\" data-secret=\"nYSfS8ajM3\" frameborder=\"0\" marginwidth=\"0\" marginheight=\"0\" scrolling=\"no\" class=\"wp-embedded-content\"><\/iframe><script type=\"text\/javascript\">\n\/*! This file is auto-generated *\/\n!function(c,l){\"use strict\";var e=!1,o=!1;if(l.querySelector)if(c.addEventListener)e=!0;if(c.wp=c.wp||{},c.wp.receiveEmbedMessage);else if(c.wp.receiveEmbedMessage=function(e){var t=e.data;if(!t);else if(!(t.secret||t.message||t.value));else if(\/[^a-zA-Z0-9]\/.test(t.secret));else{for(var r,s,a,i=l.querySelectorAll('iframe[data-secret=\"'+t.secret+'\"]'),n=l.querySelectorAll('blockquote[data-secret=\"'+t.secret+'\"]'),o=0;o<n.length;o++)n[o].style.display=\"none\";for(o=0;o<i.length;o++)if(r=i[o],e.source!==r.contentWindow);else{if(r.removeAttribute(\"style\"),\"height\"===t.message){if(1e3<(s=parseInt(t.value,10)))s=1e3;else if(~~s<200)s=200;r.height=s}if(\"link\"===t.message)if(s=l.createElement(\"a\"),a=l.createElement(\"a\"),s.href=r.getAttribute(\"src\"),a.href=t.value,a.host===s.host)if(l.activeElement===r)c.top.location.href=t.value}}},e)c.addEventListener(\"message\",c.wp.receiveEmbedMessage,!1),l.addEventListener(\"DOMContentLoaded\",t,!1),c.addEventListener(\"load\",t,!1);function t(){if(o);else{o=!0;for(var e,t,r,s=-1!==navigator.appVersion.indexOf(\"MSIE 10\"),a=!!navigator.userAgent.match(\/Trident.*rv:11\\.\/),i=l.querySelectorAll(\"iframe.wp-embedded-content\"),n=0;n<i.length;n++){if(!(r=(t=i[n]).getAttribute(\"data-secret\")))r=Math.random().toString(36).substr(2,10),t.src+=\"#?secret=\"+r,t.setAttribute(\"data-secret\",r);if(s||a)(e=t.cloneNode(!0)).removeAttribute(\"security\"),t.parentNode.replaceChild(e,t);t.contentWindow.postMessage({message:\"ready\",secret:r},\"*\")}}}}(window,document);\n<\/script>\n","thumbnail_url":"https:\/\/www.frankentourismus.de\/blog\/wp-content\/uploads\/2021\/06\/Gartenfest_Eyrichshof_2018-287.jpg","thumbnail_width":1772,"thumbnail_height":725,"description":"Konstantin Wecker oder Rea Garvey zu Besuch haben \u2013 davon tr\u00e4umen Musikfans. F\u00fcr Hermann von Rotenhan wird dieser Traum wahr: Wenn er zum Open Air auf Schloss Eyrichshof in die Ha\u00dfberge einl\u00e4dt, kommen die Stars und ihre Fans gern. Auch Gartenliebhaber und Weihnachtsromantiker sind bei den Veranstaltungen des Freiherren herzlich willkommen. Mit den Hausbesuchen begleiten [&hellip;]"}

Rockmusik trifft Renaissance in den Haßbergen - Franken Blog

<blockquote class="wp-embedded-content" data-secret="nYSfS8ajM3"><a href="https://www.frankentourismus.de/blog/2021/07/23/rockmusik-trifft-renaissance-in-den-hassbergen/">Rockmusik trifft Renaissance in den Haßbergen</a></blockquote><iframe sandbox="allow-scripts" security="restricted" src="https://www.frankentourismus.de/blog/2021/07/23/rockmusik-trifft-renaissance-in-den-hassbergen/embed/#?secret=nYSfS8ajM3" width="600" height="338" title="&#8222;Rockmusik trifft Renaissance in den Haßbergen&#8220; &#8212; Franken Blog" data-secret="nYSfS8ajM3" frameborder="0" marginwidth="0" marginheight="0" scrolling="no" class="wp-embedded-content"></iframe><script type="text/javascript">
/*! This file is auto-generated */
!function(c,l){"use strict";var e=!1,o=!1;if(l.querySelector)if(c.addEventListener)e=!0;if(c.wp=c.wp||{},c.wp.receiveEmbedMessage);else if(c.wp.receiveEmbedMessage=function(e){var t=e.data;if(!t);else if(!(t.secret||t.message||t.value));else if(/[^a-zA-Z0-9]/.test(t.secret));else{for(var r,s,a,i=l.querySelectorAll('iframe[data-secret="'+t.secret+'"]'),n=l.querySelectorAll('blockquote[data-secret="'+t.secret+'"]'),o=0;o<n.length;o++)n[o].style.display="none";for(o=0;o<i.length;o++)if(r=i[o],e.source!==r.contentWindow);else{if(r.removeAttribute("style"),"height"===t.message){if(1e3<(s=parseInt(t.value,10)))s=1e3;else if(~~s<200)s=200;r.height=s}if("link"===t.message)if(s=l.createElement("a"),a=l.createElement("a"),s.href=r.getAttribute("src"),a.href=t.value,a.host===s.host)if(l.activeElement===r)c.top.location.href=t.value}}},e)c.addEventListener("message",c.wp.receiveEmbedMessage,!1),l.addEventListener("DOMContentLoaded",t,!1),c.addEventListener("load",t,!1);function t(){if(o);else{o=!0;for(var e,t,r,s=-1!==navigator.appVersion.indexOf("MSIE 10"),a=!!navigator.userAgent.match(/Trident.*rv:11\./),i=l.querySelectorAll("iframe.wp-embedded-content"),n=0;n<i.length;n++){if(!(r=(t=i[n]).getAttribute("data-secret")))r=Math.random().toString(36).substr(2,10),t.src+="#?secret="+r,t.setAttribute("data-secret",r);if(s||a)(e=t.cloneNode(!0)).removeAttribute("security"),t.parentNode.replaceChild(e,t);t.contentWindow.postMessage({message:"ready",secret:r},"*")}}}}(window,document);
</script>

Konstantin Wecker oder Rea Garvey zu Besuch haben – davon träumen Musikfans. Für Hermann von Rotenhan wird dieser Traum wahr: Wenn er zum Open Air auf Schloss Eyrichshof in die Haßberge einlädt, kommen die Stars und ihre Fans gern. Auch Gartenliebhaber und Weihnachtsromantiker sind bei den Veranstaltungen des Freiherren herzlich willkommen. Mit den Hausbesuchen begleiten [&hellip;]
